o - 3. Let s be l(9). Suppose 4*p - 36 = 2*p. What is the highest common factor of p and s?
6
Let s be (-15)/25 + 10761/85. Let h be ((-3)/(-2))/(1/14). What is the highest common factor of h and s?
21
Let n = 12 + -4. Let g be n/(-5)*105/(-42). What is the highest common divisor of g and 28?
4
Let w be (-6 + 105/20)*(-4 - 0). Suppose -w*g = -93 - 171. Calculate the greatest common divisor of 220 and g.
44
Suppose 6 = 2*k, 0 = -u - k - k + 19. Let a be 2/(-6) - (2782/(-39) + -7). What is the greatest common divisor of a and u?
13
Let z be 1 - 1/(1/(-6)*2). What is the greatest common factor of z and 36?
4
Suppose 19 - 54 = -5*g. Let m be (18/(-15))/(4/(-80)). Let a = 31 - m. What is the greatest common factor of a and g?
7
Suppose 0 = 6*p - 319 - 1421. Calculate the greatest common factor of 40 and p.
10
Suppose -5*i + 25*i - 60 = 0. Suppose 0 = i*q - 4*a - 1, -4*a + 7 + 4 = q. What is the highest common factor of q and 3?
3
Let g(q) = q + 4. Let b be g(6). Let y be -1*2*(8 - b). Calculate the highest common factor of y and 6.
2
Let o = 40 - 8. Let z be 93 - (-8)/(o/(-12)). Calculate the greatest common factor of 10 and z.
10
Let m be (-1)/(-6) - (-3500)/168. What is the highest common divisor of 35 and m?
7
Let b = 12 - 20. Let g be b/(-28) - 229/(-7). Calculate the greatest common factor of 22 and g.
11
Let f(s) = 21*s**2 - 2*s. Suppose 2 + 0 = -4*b - 5*z, 0 = -3*b - z + 4. Let j be f(b). What is the greatest common divisor of j and 10?
10
Let b(c) = c**2 - 5*c - 21. Let k be b(8). Suppose -6*j = -k*j - 12. Calculate the highest common factor of j and 20.
4
Let d(y) = 287*y + 33. Let l be d(1). What is the greatest common divisor of 130 and l?
10
Let j = -2 - -3. Suppose 36 = 11*v - 8. What is the highest common factor of v and j?
1
Let c be 3520/14 - 60/(-105). Let g be 38 + -1 + -1 + -1 + 1. What is the highest common divisor of c and g?
36
Let l be (2/3)/((-5)/(-60)). Suppose 10 = 3*a + 1. Suppose d = -a*d + 32. Calculate the greatest common factor of d and l.
8
Let p(w) = 19*w - 63. Let u be p(7). What is the greatest common divisor of 98 and u?
14
Let i(y) = -3*y + 8. Let c be i(-6). Suppose -7*l + 270 + 1186 = 0. What is the greatest common divisor of l and c?
26
Let g be -4*84/(-32)*10. Suppose -5*p - 45 = -g. Calculate the highest common factor of p and 4.
4
Suppose -15*z + 18 = -9*z. Suppose 4*i + 64 = 4*g, z*g - 5*g + 20 = 4*i. Calculate the greatest common divisor of 21 and g.
7
Suppose -4*p + 47 = -5*f - 168, -f = p - 56. Let z(k) = 4 - 4 + 5 - 4 - 2*k. Let g be z(-5). What is the highest common factor of p and g?
11
Let p be 4/(-12)*0 + 2. Suppose 5*k - 3*a = -40, -3*a - 3 = -p*k - 19. Let r be k/52 - 30/(-26). What is the greatest common factor of r and 10?
1
Let q = -419 - -145. Suppose -2*f - b = -1145, -3*f + 2*b + 1701 = -2*b. Let j = f + q. What is the highest common factor of j and 33?
33
Suppose 7*a = -12*a + 1330. Calculate the highest common factor of a and 80.
10
Suppose -m + 8 = -0*m. Calculate the greatest common divisor of 7 and m.
1
Let c = 13 + -57. Let i be (5 - (0 - -4))/(2/(-190)). Let a = c - i. Calculate the highest common factor of a and 17.
17
Let t(w) = 3*w**2 - 8*w + 2. Let u be t(3). Suppose 0 = -u*r - 5, 4*j + j - 196 = r. What is the highest common divisor of 78 and j?
39
Suppose 4 = 4*t - 2*c - 4, 5*t = -c - 4. Suppose -2*y - 3*y + 100 = t. What is the highest common divisor of y and 70?
10
Let i be (-6 - -4)/((78/(-696))/13). What is the highest common divisor of i and 8?
8
Let y be (-2)/(-2) - (-54 - 1). Let b = -262 - -270. What is the greatest common factor of y and b?
8
Let u(x) = 4*x**2 - 6. Let g be u(-3). Suppose g = 31*k - 29*k. What is the highest common divisor of 60 and k?
15
Let v(b) = b**3 + 19*b**2 - 30*b - 152. Let f be v(-17). Calculate the highest common divisor of f and 72.
72
Let n = 7 + -2. Let g = 43 - 18. Calculate the greatest common factor of g and n.
5
Suppose n - 522 = 2*c, 4*c - 7*c = -4*n + 2113. What is the highest common divisor of n and 84?
28
Let y(s) = s - 13. Let q be y(15). Let m be (5 - (q + -5)) + 0. Calculate the highest common factor of 24 and m.
8
Let c be 2*(375/4 - 8/32). Let h(k) be the second derivative of 3*k**4/2 - k**3/3 + k**2/2 + k. Let r be h(1). What is the highest common divisor of c and r?
17
Let q = -28 + 50. Let l = 466 + -312. What is the highest common factor of l and q?
22
Let g be ((-812)/12)/(1/3). Let t = -287 - g. Let f be (2/(-2))/(4/t). Calculate the highest common factor of 126 and f.
21
Let h be -1*(9 + (-290)/5). What is the highest common factor of 196 and h?
49
Suppose 2*i - 235 = -0*i - 5*h, 5*i = 3*h + 572. Suppose 0 = -5*d + 4*z - 4 + 135, 2*z = -4*d + 84. Calculate the highest common factor of i and d.
23
Suppose 0 = -2*d - y + 1185, -2*d = -26*y + 31*y - 1165. What is the highest common factor of 340 and d?
85
Suppose 4*y - 51 = y - 3*c, -y + 27 = -c. Let t = -29 + 54. Let a = -14 + t. Calculate the highest common divisor of y and a.
11
Let q(y) = -8*y + 110. Let s be q(11). What is the highest common divisor of 11 and s?
11
Let w be (-4 + 41)/((-1)/(-8)). Calculate the highest common divisor of w and 37.
37
Suppose -5*t + h - 1085 = 0, 0 = -3*t + 2*t + 3*h - 203. Let b be (t/(-4))/((-10)/(-60)). Let f = -219 + b. What is the greatest common divisor of f and 27?
27
Suppose 0*j + 104 = 5*u + j, 0 = 4*u - 3*j - 87. Let t = u - -114. Calculate the greatest common divisor of 15 and t.
15
Let x be ((-32)/10)/((-56)/1260). Let c(f) = f + 0*f + f**2 - 12 + 10. Let r be c(-5). What is the highest common factor of x and r?
18
Suppose c = i - 3*c - 55, 0 = 5*i + 4*c - 275. Let b(q) = 5*q - 1. Let n be b(5). Suppose -19*x - 25 = -n*x. What is the greatest common divisor of i and x?
5
Let t = 2 - 1. Let z(a) = 27*a - 668. Let b be z(25). Calculate the highest common factor of b and t.
1
Let o be 16/20 - 5/(50/(-252)). What is the highest common divisor of 91 and o?
13
Let d(r) = 112*r**2 + 5*r - 3. Let y be d(2). What is the greatest common divisor of y and 65?
65
Suppose 5 + 1 = 2*n + u, 0 = -5*n - u + 12. Let w = n - -6. What is the highest common factor of w and 24?
8
Let y be (-2)/((-10)/(-12) + -1). Let s = -155 + 157. Suppose -z + 7 - 31 = -s*x, -12 = -x - 3*z. Calculate the greatest common divisor of x and y.
12
Let n = 2 + 5. Let b = -8058 - -8060. Calculate the greatest common factor of b and n.
1
Let h = -74 - -82. Suppose -h*m = -93 + 5. What is the highest common divisor of 77 and m?
11
Suppose 15*p = 1046 - 206. Suppose 55 + 29 = 3*k. Suppose -5*l + k = -l. Calculate the greatest common divisor of p and l.
7
Let s be 0 + (-3 - -7) - 3. Let m be (-33 + s)*12/24. Let a = m + 21. Calculate the greatest common divisor of 35 and a.
5
Suppose 5*p - 80 = 3*p. Let z = 58 - p. Let m be 8 - 9/(27/(-12)). Calculate the highest common factor of z and m.
6
Suppose 9*q - 4*q - 25 = 0. Suppose q*j + 6*j - 418 = 0. What is the greatest common divisor of j and 342?
38
Let d(u) = -u**3 + 14*u**2 - 18*u - 16. Let y be d(8). What is the greatest common divisor of 14 and y?
14
Suppose 198 - 523 = -13*m. What is the highest common divisor of 15 and m?
5
Suppose 6*l = l. Suppose u = 3*b + 84, l*u - 148 = -2*u + b. What is the greatest common factor of u and 8?
8
Suppose l - 29 + 4 = -3*m, -3*l = -3*m - 15. Calculate the highest common factor of 2 and l.
2
Suppose 0 = 4*t - 0*t - 312. Let l = 1 + 31. Let h be (-8)/l - (-469)/4. Calculate the greatest common divisor of h and t.
39
Let y = 206 + -121. Calculate the highest common factor of 25 and y.
5
Let r = -10 - -20. Suppose 2*t = -4*f - 6, -2*t + r = -4*t. Let q be 4/f - 54/(-9). What is the highest common factor of 110 and q?
10
Let l(b) = -2*b**2 - 2*b - 1. Let s be l(-1). Let x(u) = 16*u**2 + 2*u + 1. Let c be x(s). Let n be 5/c + 26/3. What is the highest common divisor of 9 and n?
9
Suppose -40 = -7*s + 142. Calculate the highest common factor of s and 234.
26
Let h be (-2)/(2/(-51)) + -3. Let u(g) = 2*g**2 + 2*g + 8. Let p be u(-2). What is the highest common divisor of p and h?
12
Let w be (-20)/50 - (-292)/5. Calculate the highest common factor of 145 and w.
29
Suppose -4*d + d - 2*m + 19 = 0, -5*d - m + 20 = 0. Suppose 0 = d*j - 179 + 17. Calculate the highest common factor of 81 and